?
4
What is the millions digit of 34064029?
4
What is the millions digit of 3225173942?
5
What is the millions digit of 312992242?
2
What is the hundreds digit of 960338791?
7
What is the tens digit of 1427321708?
0
What is the units digit of 36682969?
9
What is the tens digit of 2865503849?
4
What is the ten millions digit of 2168945580?
6
What is the hundred millions digit of 395976178?
3
What is the hundreds digit of 1757052239?
2
What is the tens digit of 16183109?
0
What is the tens digit of 55317795?
9
What is the tens digit of 20533545?
4
What is the ten millions digit of 3493771484?
9
What is the hundred millions digit of 101846684?
1
What is the hundred millions digit of 923737944?
9
What is the hundred thousands digit of 2062402096?
4
What is the hundred millions digit of 322143087?
3
What is the ten thousands digit of 102742340?
4
What is the hundred thousands digit of 93088142?
0
What is the millions digit of 98829476?
8
What is the units digit of 52000204?
4
What is the hundred thousands digit of 84469250?
4
What is the units digit of 356905788?
8
What is the hundreds digit of 211559921?
9
What is the tens digit of 2700708372?
7
What is the millions digit of 2991239657?
1
What is the millions digit of 54924676?
4
What is the tens digit of 180669593?
9
What is the units digit of 172004036?
6
What is the units digit of 645559297?
7
What is the millions digit of 484478790?
4
What is the hundreds digit of 32163190?
1
What is the tens digit of 1276586770?
7
What is the hundreds digit of 7295982399?
3
What is the ten millions digit of 42083237?
4
What is the hundred thousands digit of 3567344215?
3
What is the billions digit of 2503296170?
2
What is the millions digit of 121001607?
1
What is the thousands digit of 16388355?
8
What is the ten thousands digit of 15647453?
4
What is the hundred millions digit of 171394837?
1
What is the hundreds digit of 42009631?
6
What is the hundred millions digit of 300233738?
3
What is the millions digit of 143686140?
3
What is the thousands digit of 46907169?
7
What is the tens digit of 43112992?
9
What is the ten millions digit of 489062539?
8
What is the hundred thousands digit of 40061103?
0
What is the billions digit of 3126920020?
3
What is the millions digit of 30765356?
0
What is the hundred millions digit of 2640713300?
6
What is the units digit of 35694613?
3
What is the thousands digit of 3090112?
0
What is the millions digit of 581854668?
1
What is the hundred thousands digit of 13260834?
2
What is the ten millions digit of 2557964823?
5
What is the billions digit of 1044350300?
1
What is the tens digit of 55204310?
1
What is the ten thousands digit of 2677627?
7
What is the hundred thousands digit of 1001303314?
3
What is the hundreds digit of 70241986?
9
What is the ten thousands digit of 242892128?
9
What is the hundred millions digit of 1017014939?
0
What is the thousands digit of 24567715?
7
What is the hundred thousands digit of 8635717?
6
What is the ten millions digit of 637006736?
3
What is the millions digit of 1504891078?
4
What is the units digit of 3696271592?
2
What is the hundreds digit of 5111646506?
5
What is the ten thousands digit of 878647057?
4
What is the hundreds digit of 47977057?
0
What is the hundred thousands digit of 133332471?
3
What is the units digit of 3898856774?
4
What is the hundred thousands digit of 107008476?
0
What is the thousands digit of 1785057192?
7
What is the hundred millions digit of 415270519?
4
What is the hundred thousands digit of 14768828?
7
What is the ten millions digit of 462146645?
6
What is the units digit of 64515202?
2
What is the ten millions digit of 41967245?
4
What is the ten thousands digit of 300224164?
2
What is the billions digit of 5080172809?
5
What is the ten thousands digit of 127104348?
0
What is the thousands digit of 1924916188?
6
What is the ten thousands digit of 1567734360?
3
What is the hundreds digit of 138638648?
6
What is the units digit of 68656317?
7
What is the millions digit of 210702467?
0
What is the ten millions digit of 90350445?
9
What is the units digit of 837101587?
7
What is the ten thousands digit of 122557154?
5
What is the thousands digit of 40968662?
8
What is the units digit of 158250626?
6
What is the ten millions digit of 381882039?
8
What is the ten thousands digit of 7134348?
3
What is the tens digit of 717709471?
7
What is the tens digit of 528709824?
2
What is the units digit of 20957114?
4
What is the tens digit of 53188889?
8
What is the thousands digit of 254188516?
8
What is the hundreds digit of 19582305?
3
What is the ten millions digit of 489736322?
8
What is the ten millions digit of 477848329?
7
What is the tens digit of 25646036?
3
What is the hundred millions digit of 422105505?
4
What is the hundred millions digit of 1596202198?
5
What is the tens digit of 293401195?
9
What is the ten thousands digit of 716576428?
7
What is the hundreds digit of 874041713?
7
What is the ten thousands digit of 2985815415?
1
What is the ten millions digit of 444819578?
4
What is the hundred millions digit of 2533241060?
5
What is the thousands digit of 551365833?
5
What is the ten thousands digit of 1417866827?
6
What is the hundred millions digit of 1856611574?
8
What is the hundreds digit of 168019488?
4
What is the thousands digit of 1574092?
4
What is the tens digit of 1681909922?
2
What is the billions digit of 1735868244?
1
What is the hundreds digit of 682411463?
4
What is the hundred thousands digit of 35584533?
5
What is the thousands digit of 315497618?
7
What is the tens digit of 301678131?
3
What is the billions digit of 1815239388?
1
What is the hundred millions digit of 1278061796?
2
What is the thousands digit of 45432978?
2
What is the thousands digit of 75678897?
8
What is the units digit of 1313034356?
6
What is the millions digit of 63347673?
3
What is the hundred millions digit of 4597176098?
5
What is the tens digit of 38277348?
4
What is the hundred millions digit of 179879733?
1
What is the thousands digit of 272852055?
2
What is the hundred thousands digit of 74789293?
7
What is the millions digit of 22490279?
2
What is the tens digit of 2867613262?
6
What is the tens digit of 218698990?
9
What is the tens digit of 342394786?
8
What is the thousands digit of 1730822414?
2
What is the tens digit of 71201519?
1
What is the hundred millions digit of 163588068?
1
What is the tens digit of 1360290353?
5
What is the millions digit of 132129422?
2
What is the hundred thousands digit of 36422904?
4
What is the ten thousands digit of 540197359?
9
What is the hundreds digit of 3000308070?
0
What is the units digit of 30278352?
2
What is the millions digit of 95864888?
5
What is the hundred millions digit of 4278835762?
2
What is the thousands digit of 492714370?
4
What is the tens digit of 32139036?
3
What is the millions digit of 1399030586?
9
What is the hundreds digit of 23074545?
5
What is the ten thousands digit of 269730676?
3
What is the hundred thousands digit of 41794307?
7
What is the thousands digit of 62428730?
8
What is the hundred thousands digit of 273268602?
2
What is the ten millions digit of 182264875?
8
What is the millions digit of 5994759?
5
What is the hundred millions digit of 274560370?
2
What is the ten thousands digit of 285932550?
3
What is the hundred thousands digit of 3349547280?
5
What is the units digit of 3611150729?
9
What is the units digit of 340333572?
2
What is the millions digit of 142111475?
2
What is the hundred thousands digit of 344195411?
1
What is the hundreds digit of 7520704?
7
What is the ten millions digit of 36920886?
3
What is the hundreds digit of 61531908?
9
What is the thousands digit of 83057003?
7
What is the units digit of 125822673?
3
What is the hundred thousands digit of 471807482?
8
What is the thousands digit of 101515440?
5
What is the hundred thousands digit of 134557264?
5
What is the ten millions digit of 7689609397?
8
What is the ten millions digit of 114005664?
1
What is the ten millions digit of 97570056?
9
What is the thousands digit of 34164632?
4
What is the millions digit of 8532613?
8
What is the ten thousands digit of 81587023?
8
What is the millions digit of 2121790566?
1
What is the tens digit of 103